= k. What is the greatest common factor of d and 242?
22
Suppose -5*c + 2*n = -1046, n = -3*c - 4*n + 640. Suppose 8*d - 6 - c = 0. What is the highest common factor of d and 72?
9
Suppose -64*w - 1227 + 5067 = 0. Calculate the greatest common factor of 444 and w.
12
Let g(b) = -2*b**3 - 24*b**2 - 22*b - 52. Let u be g(-12). What is the highest common divisor of u and 5724?
212
Let a be 3 + 3/6*-8. Let s be -4 - (-48)/((-2)/a). Let d(w) = -24*w**3 - 2*w**2 + 5*w + 6. Let z be d(-2). Calculate the highest common divisor of z and s.
20
Let c(m) = 3*m**2 + m - 39. Let y be c(6). Let f be 371 - (1/1)/((-26)/104). What is the greatest common divisor of y and f?
75
Let d = -272 + -230. Let v = d + 988. What is the highest common divisor of 18 and v?
18
Let k be -1*2*(0 + 1). Let m be (-543)/(-2) + (-1)/k. Suppose 0 = -2*w - t + 71, 6*t + 53 = 2*w + t. Calculate the greatest common divisor of m and w.
34
Let u be (2 - 5) + (-16 - -24) - (-2184)/8. Calculate the greatest common factor of u and 4.
2
Let x be (-3)/4 - (-781)/284. Let b be 216/(-45)*(4 - 33/x). What is the greatest common divisor of 660 and b?
60
Let i = -39304 - -39314. What is the greatest common divisor of 1445 and i?
5
Suppose 2*c + 69*x = 74*x + 327, x + 645 = 4*c. What is the greatest common factor of 299 and c?
23
Let c = -31210 - -67613. Calculate the greatest common factor of c and 59.
59
Let z = -1802 + 2506. What is the greatest common factor of 256 and z?
64
Let f(h) = 2*h**3 + 69*h**2 - 128*h - 603. Let z be f(-36). What is the greatest common divisor of 247 and z?
13
Let p = -21416 - -24230. What is the greatest common factor of p and 798?
42
Suppose 188*y - 214*y + 3364 = 764. Let o = -3057 - -4757. What is the highest common factor of y and o?
100
Let r = 91754 + -91741. Let j be 1*791 - (-4 - -2). Calculate the highest common divisor of j and r.
13
Let f = -196 + 204. Suppose f*i + 5*i - 234 = 0. Calculate the greatest common factor of i and 486.
18
Suppose -6*r + 2722 + 554 = 0. Let h = r + -522. Calculate the greatest common factor of h and 120.
24
Let m(d) be the first derivative of 9*d**2/2 - 25*d + 13. Let c be m(21). Let g = c + -20. What is the highest common factor of 16 and g?
16
Let z(m) = m**2 + 7*m + 11. Let b be z(-6). Suppose 345 = k - b. What is the highest common factor of 14 and k?
14
Let r(v) = -v**3 - 13*v**2 + 42*v - 24. Let p be r(-16). Suppose 0 = -4*n - 2*n + 576. Calculate the highest common divisor of p and n.
24
Suppose -35 = -4*a - 3. Suppose -348 = 134*g - 137*g. Let f = 148 - g. What is the highest common divisor of a and f?
8
Let l(m) = -m**3 - 6*m**2 - 10*m + 6. Let y be l(-4). Suppose -1300 = n - y*n. Calculate the highest common factor of 40 and n.
20
Let g(p) = -p**3 + 6*p + 148. Let x be g(0). Calculate the highest common divisor of 68 and x.
4
Let v(c) = c**2 + 135*c + 1179. Let p be v(-126). Calculate the greatest common factor of 390 and p.
15
Let l(p) = 5*p**2 - 15*p + 32. Suppose -16 + 28 = 4*g. Let i be l(g). Calculate the highest common factor of i and 144.
16
Suppose 9*l - 13*l + 25776 = 2*b, 3*b = -3*l + 38670. What is the highest common divisor of 44 and b?
44
Let s(y) = y**2 - y + 1. Let t(m) = -m**3 + 16*m**2 - 5*m + 9. Let j(p) = -3*s(p) + t(p). Let q be j(12). What is the highest common divisor of q and 18?
18
Let b(k) = k**2 - 2*k**2 - 19*k - 3*k + 21. Suppose -5*h - 2*q + 65 = 179, q = -2*h - 46. Let y be b(h). What is the highest common divisor of y and 231?
21
Let d(f) = 45*f**2 - 153*f + 467. Let m be d(3). What is the greatest common factor of m and 531?
59
Let d be (6/(-15))/(2/470). Let b be ((-1484)/(-70))/((-2)/5). Let a = b - d. Calculate the greatest common divisor of 123 and a.
41
Let j(m) be the second derivative of -m**5/20 + m**4/2 + m**3/2 - m**2/2 + 74*m. Let d be j(6). Calculate the highest common factor of d and 136.
17
Let y be 1 + 2*14/4. Let u be (-830)/320*-4 + (-3)/y. Suppose 2*r = -3*o + 208, 3*r - 2*o = -6*o + 314. Calculate the greatest common divisor of u and r.
10
Suppose 85 = 4*m - 2*m + 5*w, -5*m + w + 145 = 0. Let y be 6/72*3*0. Suppose -2*j + 31 + 69 = y. Calculate the greatest common divisor of m and j.
10
Let g(f) = f**3 + 12*f**2 + f + 14. Let i be g(-12). Suppose 0 = -4*y + i*b + 1038, -5*y = -5*b + 401 - 1691. What is the greatest common factor of 9 and y?
9
Let b be ((-766)/(-9)*3)/((-8)/12). Let j = b - -782. What is the highest common divisor of j and 7?
7
Suppose 2*n - 101 = -5*p, 4*p + 3*n = 102 - 24. Suppose -55*d = -20*d + 12*d - 2961. What is the greatest common divisor of p and d?
21
Suppose 3*z = 3*y - 510, -858 = -150*y + 145*y + 3*z. Calculate the highest common factor of 276 and y.
6
Let h be 12 - (-2)/(15/(165/(-2))). What is the greatest common factor of h and 431?
1
Suppose -222*p + 218*p = -768. Let s(r) = -r + 18. Suppose -5*q = -4*b + 4, -14 = 5*b - 4*b - 5*q. Let v be s(b). What is the greatest common factor of p and v?
12
Let v be 136/51*6/(-4). Let t be (v - -78) + 3 + -7. What is the highest common factor of 490 and t?
70
Let h be (4 - 1)*(-190008)/(-232). Calculate the greatest common divisor of h and 2646.
189
Let l(c) = 108*c + 4126. Let b be l(-38). What is the greatest common divisor of 32 and b?
2
Let y(o) = 44*o**2 - 7*o - 21. Let c be y(2). Calculate the greatest common divisor of 15651 and c.
141
Suppose -23*x + 47*x - 840 = 0. Calculate the highest common factor of 518 and x.
7
Suppose -32*p + 929 = 33. Let w = 17 + -17. Let t = w - -28. What is the greatest common factor of t and p?
28
Suppose -28*p = -128*p + 14200. What is the greatest common divisor of 6958 and p?
142
Suppose 5*v + o = 27, 34 = 3*v - 6*o - 2. Calculate the greatest common factor of v and 318.
6
Let c(t) = -705*t**3 - t**2 + 3*t - 20. Let h be c(-4). Calculate the highest common factor of 144 and h.
144
Suppose -10*x + 81 = 4*m - 5*x, m - 2*x = 4. Suppose d - 87 = g, -3*d + 5*g - m = -269. What is the greatest common factor of 234 and d?
18
Let m be ((-115)/(-5))/((-2)/(-6)). Let q be ((-874)/m)/(2/(-3)). What is the highest common divisor of 361 and q?
19
Let z = 34 - 48. Let m(f) = -34*f - 58. Let a be m(z). Suppose -2*u + 61 = 3*t, 5*u + t - 25 = 160. What is the highest common factor of a and u?
38
Let n be (-57 - -61)/((-28)/(-21)). Suppose -3*d = -p - 748, -1 = -0*p + p. What is the greatest common divisor of d and n?
3
Let a(c) = -c**2 + 108*c - 1577. Let d be a(22). What is the highest common factor of 469 and d?
7
Suppose 37 = 2*p + 5*u - 10, -70 = -5*p - 3*u. Suppose 25*w = 14*w + 1815. What is the highest common divisor of p and w?
11
Suppose 2*r + 8*p = -18, -2*r + 54 = 27*p - 31*p. Calculate the highest common divisor of r and 1515.
15
Let t = 16 + -3. Let p(b) = 13*b + 31 + 9*b**3 + 37 - 9*b**3 - 19*b**2 - b**3. Let y be p(-20). What is the greatest common factor of y and t?
13
Suppose 0 = -22*b + 122684 + 1066. Calculate the highest common factor of b and 180.
45
Let x be 1 + (2 - 0 - -8). Suppose 4*n = -5*a - 740, -5*a - 705 = 2*n - 5*n. Let s be (32/a)/(4/(-18)). Calculate the greatest common factor of x and s.
1
Suppose -4*f = -62*d + 57*d - 1239, -687 = -2*f - 5*d. What is the highest common divisor of f and 21?
3
Let n be 195 - ((5 - 5) + 0). Let q = -187 + n. What is the greatest common factor of 44 and q?
4
Let y = 81 + -79. Let x = -25 + 31. Calculate the highest common factor of y and x.
2
Suppose -l = -5*u + 462, 10*u - 314 = 7*u - 4*l. Let h = 35 - 90. Let a = u + h. Calculate the highest common factor of 3 and a.
3
Let y = -2905 - -3700. What is the greatest common divisor of 120 and y?
15
Let l(s) = 24*s**2 + 186*s + 366. Let t be l(-2). Calculate the greatest common divisor of t and 510.
30
Let a be (1/(-4) - -3)/((-69)/(-1104)). Calculate the greatest common divisor of 20 and a.
4
Let t = -785 + 1005. What is the highest common divisor of 160 and t?
20
Let i be 413/14 + (-18)/(-4) + -3. Let l = -53 + 92. Let d = l - i. Calculate the greatest common factor of 4 and d.
4
Let r(l) = l**3 + 39*l**2 - 17*l + 172. Let z be r(-33). Calculate the greatest common factor of 52 and z.
13
Let a = 167 + -137. What is the highest common factor of 237 and a?
3
Suppose 26*v = 22*v + 644. Let k = -157 + v. Calculate the highest common divisor of 54 and k.
2
Let y =